ainder when 295 is divided by 18?
7
What is the remainder when 2692 is divided by 447?
10
What is the remainder when 738 is divided by 17?
7
What is the remainder when 805 is divided by 266?
7
Calculate the remainder when 568 is divided by 15.
13
What is the remainder when 3180 is divided by 530?
0
Calculate the remainder when 5307 is divided by 11.
5
Calculate the remainder when 1314 is divided by 257.
29
What is the remainder when 6519 is divided by 3254?
11
Calculate the remainder when 275 is divided by 7.
2
Calculate the remainder when 743 is divided by 729.
14
What is the remainder when 757 is divided by 109?
103
Calculate the remainder when 1375 is divided by 32.
31
What is the remainder when 1035 is divided by 14?
13
What is the remainder when 257 is divided by 48?
17
What is the remainder when 384 is divided by 176?
32
What is the remainder when 2758 is divided by 131?
7
Calculate the remainder when 661 is divided by 37.
32
What is the remainder when 47 is divided by 11?
3
What is the remainder when 510 is divided by 52?
42
Calculate the remainder when 7058 is divided by 23.
20
Calculate the remainder when 1608 is divided by 398.
16
What is the remainder when 236 is divided by 14?
12
Calculate the remainder when 173 is divided by 44.
41
What is the remainder when 349 is divided by 26?
11
Calculate the remainder when 1372 is divided by 53.
47
What is the remainder when 128 is divided by 40?
8
What is the remainder when 209 is divided by 39?
14
What is the remainder when 11997 is divided by 169?
167
What is the remainder when 51 is divided by 17?
0
What is the remainder when 776 is divided by 19?
16
What is the remainder when 427 is divided by 119?
70
What is the remainder when 421 is divided by 86?
77
Calculate the remainder when 110 is divided by 37.
36
What is the remainder when 17338 is divided by 60?
58
What is the remainder when 6017 is divided by 17?
16
Calculate the remainder when 288 is divided by 56.
8
What is the remainder when 98 is divided by 42?
14
What is the remainder when 200 is divided by 3?
2
Calculate the remainder when 163 is divided by 22.
9
What is the remainder when 68 is divided by 26?
16
What is the remainder when 467 is divided by 96?
83
Calculate the remainder when 720 is divided by 180.
0
What is the remainder when 164 is divided by 15?
14
What is the remainder when 1295 is divided by 153?
71
What is the remainder when 477 is divided by 13?
9
Calculate the remainder when 1092 is divided by 976.
116
What is the remainder when 3175 is divided by 14?
11
What is the remainder when 113 is divided by 23?
21
What is the remainder when 1189 is divided by 1169?
20
What is the remainder when 460 is divided by 158?
144
Calculate the remainder when 57 is divided by 29.
28
Calculate the remainder when 935 is divided by 20.
15
Calculate the remainder when 2373 is divided by 44.
41
Calculate the remainder when 5373 is divided by 56.
53
Calculate the remainder when 33225 is divided by 234.
231
What is the remainder when 862 is divided by 9?
7
What is the remainder when 233 is divided by 102?
29
What is the remainder when 56 is divided by 31?
25
Calculate the remainder when 136 is divided by 50.
36
Calculate the remainder when 97 is divided by 29.
10
Calculate the remainder when 869 is divided by 217.
1
Calculate the remainder when 1791 is divided by 536.
183
Calculate the remainder when 832 is divided by 264.
40
What is the remainder when 210 is divided by 37?
25
What is the remainder when 124 is divided by 34?
22
Calculate the remainder when 130 is divided by 20.
10
Calculate the remainder when 836 is divided by 70.
66
What is the remainder when 519 is divided by 89?
74
What is the remainder when 38 is divided by 13?
12
What is the remainder when 132 is divided by 71?
61
What is the remainder when 341 is divided by 72?
53
What is the remainder when 1118 is divided by 14?
12
What is the remainder when 81 is divided by 6?
3
Calculate the remainder when 448 is divided by 15.
13
Calculate the remainder when 143 is divided by 18.
17
What is the remainder when 2633 is divided by 80?
73
Calculate the remainder when 128 is divided by 45.
38
What is the remainder when 440 is divided by 278?
162
What is the remainder when 71 is divided by 6?
5
What is the remainder when 914 is divided by 115?
109
What is the remainder when 282 is divided by 22?
18
What is the remainder when 403 is divided by 62?
31
What is the remainder when 944 is divided by 182?
34
What is the remainder when 58 is divided by 25?
8
What is the remainder when 903 is divided by 272?
87
What is the remainder when 124 is divided by 65?
59
What is the remainder when 354 is divided by 60?
54
Calculate the remainder when 254 is divided by 17.
16
What is the remainder when 191 is divided by 52?
35
What is the remainder when 766 is divided by 102?
52
What is the remainder when 49723 is divided by 225?
223
What is the remainder when 170 is divided by 39?
14
Calculate the remainder when 744 is divided by 53.
2
What is the remainder when 1533 is divided by 194?
175
What is the remainder when 205 is divided by 70?
65
What is the remainder when 15 is divided by 4?
3
Calculate the remainder when 429 is divided by 24.
21
What is the remainder when 180 is divided by 62?
56
Calculate the remainder when 96 is divided by 63.
33
Calculate the remainder when 2999 is divided by 24.
23
Calculate the remainder when 884 is divided by 121.
37
Calculate the remainder when 455 is divided by 30.
5
Calculate the remainder when 228 is divided by 47.
40
What is the remainder when 25 is divided by 9?
7
What is the remainder when 9188 is divided by 91?
88
What is the remainder when 40 is divided by 21?
19
Calculate the remainder when 874 is divided by 16.
10
Calculate the remainder when 121 is divided by 45.
31
What is the remainder when 1422 is divided by 294?
246
What is the remainder when 2781 is divided by 48?
45
Calculate the remainder when 2758 is divided by 3.
1
What is the remainder when 369 is divided by 106?
51
Calculate the remainder when 179 is divided by 7.
4
What is the remainder when 3821 is divided by 115?
26
Calculate the remainder when 469 is divided by 462.
7
Calculate the remainder when 135 is divided by 51.
33
What is the remainder when 1791 is divided by 39?
36
Calculate the remainder when 323 is divided by 4.
3
Calculate the remainder when 338 is divided by 6.
2
What is the remainder when 1626 is divided by 14?
2
What is the remainder when 583 is divided by 69?
31
What is the remainder when 23 is divided by 10?
3
Calculate the remainder when 1971 is divided by 76.
71
Calculate the remainder when 132 is divided by 98.
34
Calculate the remainder when 304 is divided by 14.
10
Calculate the remainder when 471 is divided by 11.
9
Calculate the remainder when 238 is divided by 37.
16
Calculate the remainder when 344 is divided by 167.
10
What is the remainder when 34 is divided by 18?
16
Calculate the remainder when 3739 is divided by 22.
21
Calculate the remainder when 1981 is divided by 247.
5
What is the remainder when 451 is divided by 111?
7
What is the remainder when 15 is divided by 9?
6
Calculate the remainder when 264 is divided by 113.
38
What is the remainder when 2001 is divided by 164?
33
Calculate the remainder when 752 is divided by 75.
2
Calculate the remainder when 55 is divided by 21.
13
What is the remainder when 4705 is divided by 33?
19
Calculate the remainder when 273 is divided by 47.
38
Calculate the remainder when 548 is divided by 50.
48
Calculate the remainder when 652 is divided by 67.
49
Calculate the remainder when 24 is divided by 4.
0
What is the remainder when 379 is divided by 81?
55
What is the remainder when 317 is divided by 64?
61
What is the remainder when 14626 is divided by 106?
104
What is the remainder when 42 is divided by 29?
13
What is the remainder when 8962 is divided by 27?
25
Calculate the remainder when 70 is divided by 38.
32
What is the remainder when 179 is divided by 10?
9
What is the remainder when 627 is divided by 152?
19
Calculate the remainder when 903 is divided by 897.
6
Calculate the remainder when 148 is divided by 53.
42
Calculate the remainder when 26 is divided by 19.
7
What is the remainder when 123 is divided b